{"id":248,"date":"2024-03-22T11:25:53","date_gmt":"2024-03-22T11:25:53","guid":{"rendered":"https:\/\/wp.ivh-hecht.de\/?page_id=248"},"modified":"2024-03-22T11:25:54","modified_gmt":"2024-03-22T11:25:54","slug":"projektentwicklung-neuer-mietobjekte","status":"publish","type":"page","link":"https:\/\/wp.ivh-hecht.de\/?page_id=248","title":{"rendered":"Projektentwicklung neuer Mietobjekte"},"content":{"rendered":"\n<p>Unsere Unterst\u00fctzung f\u00fcr Ihr Bauvorhaben<\/p>\n\n\n\n<p>Aus dem Bedarf unserer Kunden heraus haben wir die Projektentwicklung neuer Mietobjekte in unser Leistungsportfolio integriert. Denn nicht selten wenden sich unsere Kunden schon in der fr\u00fchen Planungsphase neuer Mietobjekte an uns und fragen uns nach unserer Meinung oder wertvollen Tipps. Gern lassen wir uns bereits in erste Termine mit einbinden und unterst\u00fctzen die Eigent\u00fcmer bei der Findung wichtiger Entscheidungen und Projektentwickler bei Fragen zur Realisierung unterschiedlichster Bauvorhaben. Von gro\u00dfem Nutzen ist uns dabei unser umfangreiches Netzwerk kompetenter Partner.<\/p>\n\n\n\n<p>Nach Fertigstellung der Projekte geht die Verwaltung flie\u00dfend in unsere Hand \u00fcber, so dass von Anfang an eine professionelle Verwaltung mit fundierten Kenntnissen zur Immobilie erfolgen kann.<\/p>\n\n\n\n<p>Wir beraten Sie kompetent zu folgenden Punkten<\/p>\n\n\n\n<ul class=\"wp-block-list\">\n<li>Grundst\u00fcck und Lage<\/li>\n\n\n\n<li>Objekt und Ausstattung entsprechend der Zielgruppe<\/li>\n\n\n\n<li>Wohnungsgr\u00f6\u00dfen und optimaler Gr\u00f6\u00dfenmix<\/li>\n\n\n\n<li>barrierefreies Wohnen<\/li>\n\n\n\n<li>Energieversorgung und Nachhaltigkeit (z. B. Einsatz von Erdw\u00e4rme und W\u00e4rmepumpen)<\/li>\n\n\n\n<li>Betriebskostenersparnisse<\/li>\n\n\n\n<li>bessere Rendite f\u00fcr Vermieter<\/li>\n\n\n\n<li>Auswahl passender Handwerker<\/li>\n\n\n\n<li>Optimierung der Zusammenarbeit aller Gewerke<\/li>\n\n\n\n<li>Risikoberatung bei gro\u00dfz\u00fcgigen Wohnungen<\/li>\n<\/ul>\n","protected":false},"excerpt":{"rendered":"<p>Unsere Unterst\u00fctzung f\u00fcr Ihr Bauvorhaben Aus dem Bedarf unserer Kunden heraus haben wir die Projektentwicklung neuer Mietobjekte in unser Leistungsportfolio integriert. Denn nicht selten wenden sich unsere Kunden schon in der fr\u00fchen Planungsphase neuer Mietobjekte an uns und fragen uns nach unserer Meinung oder wertvollen &hellip; <\/p>\n","protected":false},"author":2,"featured_media":235,"parent":0,"menu_order":0,"comment_status":"closed","ping_status":"closed","template":"","meta":{"_ti_tpc_template_sync":false,"_ti_tpc_template_id":"","footnotes":""},"class_list":["post-248","page","type-page","status-publish","has-post-thumbnail","hentry","latest_post"],"_links":{"self":[{"href":"https:\/\/wp.ivh-hecht.de\/index.php?rest_route=\/wp\/v2\/pages\/248"}],"collection":[{"href":"https:\/\/wp.ivh-hecht.de\/index.php?rest_route=\/wp\/v2\/pages"}],"about":[{"href":"https:\/\/wp.ivh-hecht.de\/index.php?rest_route=\/wp\/v2\/types\/page"}],"author":[{"embeddable":true,"href":"https:\/\/wp.ivh-hecht.de\/index.php?rest_route=\/wp\/v2\/users\/2"}],"replies":[{"embeddable":true,"href":"https:\/\/wp.ivh-hecht.de\/index.php?rest_route=%2Fwp%2Fv2%2Fcomments&post=248"}],"version-history":[{"count":1,"href":"https:\/\/wp.ivh-hecht.de\/index.php?rest_route=\/wp\/v2\/pages\/248\/revisions"}],"predecessor-version":[{"id":249,"href":"https:\/\/wp.ivh-hecht.de\/index.php?rest_route=\/wp\/v2\/pages\/248\/revisions\/249"}],"wp:featuredmedia":[{"embeddable":true,"href":"https:\/\/wp.ivh-hecht.de\/index.php?rest_route=\/wp\/v2\/media\/235"}],"wp:attachment":[{"href":"https:\/\/wp.ivh-hecht.de\/index.php?rest_route=%2Fwp%2Fv2%2Fmedia&parent=248"}],"curies":[{"name":"wp","href":"https:\/\/api.w.org\/{rel}","templated":true}]}}