{"id":252,"date":"2024-03-22T11:31:51","date_gmt":"2024-03-22T11:31:51","guid":{"rendered":"https:\/\/wp.ivh-hecht.de\/?page_id=252"},"modified":"2024-08-23T07:04:02","modified_gmt":"2024-08-23T07:04:02","slug":"partner-der-ivh","status":"publish","type":"page","link":"https:\/\/wp.ivh-hecht.de\/?page_id=252","title":{"rendered":"Partner der IVH"},"content":{"rendered":"\n<h1 class=\"wp-block-heading\">Immobilien- Mietverwaltung Hecht GmbH<\/h1>\n\n\n\n<div class=\"wp-block-columns is-layout-flex wp-container-core-columns-is-layout-1 wp-block-columns-is-layout-flex\">\n<div class=\"wp-block-column is-layout-flow wp-block-column-is-layout-flow\">\n<p><strong>Abrechnungsdienst<\/strong><\/p>\n\n\n\n<p>Exakta Kalorex GmbH<br>Raiffeisenestr. 20<br>64347 Griesheim<br>Tel: 06252-672705<br><a href=\"http:\/\/exakta-kalorex.de\">exakta-kalorex.de<\/a><br><\/p>\n\n\n\n<p><strong>Bauunternehmenn + Fliesen<\/strong><\/p>\n\n\n\n<p>RS Serafin GmbH<br>Emil von Behring 3a<br>63128 Diezenbach<br>Tel 06074-3041833<br><a href=\"mailto:info@mki-bau.com\">info@rs-altbau.de<\/a><\/p>\n\n\n\n<p><strong>EDV Beratung<\/strong><\/p>\n\n\n\n<p>IT-Service J\u00f6rg Kitzing<br>Nachtigallenweg 6<br>42781 Haan<br>Tel. 02129-926 23 26<br>Mobil: 0172-75 75 080<br><a href=\"http:\/\/www.kitzing.de\/\" target=\"_blank\" rel=\"noreferrer noopener\">www.kitzing.de<\/a><\/p>\n\n\n\n<p><strong>Heizung, Sanit\u00e4r<\/strong><\/p>\n\n\n\n<p>ENTEGA Geb\u00e4udetechnik GmbH &amp; Co. KG.&nbsp;<br>Dornheimer Weg 24<br>64293 Darmstadt<br>Tel: 06151-970-2000<br><a href=\"http:\/\/www.entega.de\/energieeffizienz\" target=\"_blank\" rel=\"noreferrer noopener\">www.entega.de\/energieeffizienz<\/a><\/p>\n\n\n\n<p><strong>Kanalreinigung<\/strong><\/p>\n\n\n\n<p>H\u00f6hn Abwassertechnik GmbH<br>Sandwiesenstr. 37<br>64665 Alsbach-H\u00e4hnlein<br>Tel. 06257-4964<br><a href=\"http:\/\/www.rohrreinigung24.de\/\" target=\"_blank\" rel=\"noreferrer noopener\">http:\/\/www.rohrreinigung24.de\/<\/a><\/p>\n\n\n\n<p><strong>Renovierungen<\/strong><\/p>\n\n\n\n<p>Szwal Baumontage<br>Kiesstra\u00dfe 76<br>64283 Darmstadt<br>Tel: 0160-91432521<br><a href=\"mailto:damian.szwal@arcor.de\">damian.szwal@arcor.de<\/a><\/p>\n\n\n\n<p><strong>Schreiner<\/strong><\/p>\n\n\n\n<p>Wilhelm Luther<br>Messeler Strasse 70<br>64291 Darmstadt<br>Tel. 06151-93455<br>Fax: 06151-934570<br><a href=\"http:\/\/www.schreinerei-luther.de\/\" target=\"_blank\" rel=\"noreferrer noopener\">www.schreinerei-luther.de<\/a><\/p>\n<\/div>\n\n\n\n<div class=\"wp-block-column is-layout-flow wp-block-column-is-layout-flow\">\n<p><strong>Baumpflege<\/strong><\/p>\n\n\n\n<p>Hasshold GmbH<br>Eckhardwiesenstra\u00dfe 43<br>64289 Darmstadt<br>Tel. 06151-714099<br><a href=\"http:\/\/www.baumsanierung.de\/\" target=\"_blank\" rel=\"noreferrer noopener\">www.baumsanierung.de<\/a><\/p>\n\n\n\n<p><strong>Dachdecker<\/strong><\/p>\n\n\n\n<p>G\u00fcnther GmbH<br>Justus-von-Liebig-Stra\u00dfe 5<br>63128 Dietzenbach<br>Tel. 06074-24337<\/p>\n\n\n\n<p><strong>Elektro<\/strong><\/p>\n\n\n\n<p>Elektro Bihler<br>Erzh\u00e4user Str. 25<br>64291 Darmstadt<br>Tel. 06150-980041<br><a href=\"mailto:ulrich.bihler@t-online.de\">ulrich.bihler@t-online.de<\/a><\/p>\n\n\n\n<p><strong>Elektro<\/strong><\/p>\n\n\n\n<p>Elektro Wilk<br>Elisabethenstr. 28<br>64283 Darmstadt<br>Tel: 06151-24295<\/p>\n\n\n\n<p><strong>Geb\u00e4udereinigung<\/strong><\/p>\n\n\n\n<p>Karola Kirchbaum<br>Riedeselstr. 24<br>64283 Darmstadt<br>Tel. 0172-5746711<\/p>\n\n\n\n<p><strong>Hausservice<\/strong><\/p>\n\n\n\n<p>HomeTech Service GmbH<br>Siemensstra\u00dfe 2<br>64289 Darmstadt<br>Tel: 06151-669240<br><a href=\"http:\/\/www.hometechonline.de\/\" target=\"_blank\" rel=\"noreferrer noopener\">www.hometechonline.de\/<\/a><\/p>\n\n\n\n<p><strong>Maler<\/strong><\/p>\n\n\n\n<p>Malermeister<br>Uwe Birkemeyer<br>Rodauer Stra\u00dfe 1<br>64673 Zwingenberg<br>Tel. 06251-74936<\/p>\n\n\n\n<p><strong>Schl\u00fcsseldienst<\/strong><\/p>\n\n\n\n<p>Schlund Schl\u00fcsseldienst<br>M\u00fchlstra\u00dfe 76<br>64283 Darmstadt<br>06151-23786<br><a href=\"https:\/\/www.schluesseldienst-schlund.de\/\">https:\/\/www.schluesseldienst-schlund.de\/<\/a><\/p>\n<\/div>\n<\/div>\n","protected":false},"excerpt":{"rendered":"<p>Immobilien- Mietverwaltung Hecht GmbH Abrechnungsdienst Exakta Kalorex GmbHRaiffeisenestr. 2064347 GriesheimTel: 06252-672705exakta-kalorex.de Bauunternehmenn + Fliesen RS Serafin GmbHEmil von Behring 3a63128 DiezenbachTel 06074-3041833info@rs-altbau.de EDV Beratung IT-Service J\u00f6rg KitzingNachtigallenweg 642781 HaanTel. 02129-926 23 26Mobil: 0172-75 75 080www.kitzing.de Heizung, Sanit\u00e4r ENTEGA Geb\u00e4udetechnik GmbH &amp; Co. KG.&nbsp;Dornheimer Weg 2464293 &hellip; <\/p>\n","protected":false},"author":2,"featured_media":129,"parent":0,"menu_order":0,"comment_status":"closed","ping_status":"closed","template":"","meta":{"_ti_tpc_template_sync":false,"_ti_tpc_template_id":"","footnotes":""},"class_list":["post-252","page","type-page","status-publish","has-post-thumbnail","hentry","latest_post"],"_links":{"self":[{"href":"https:\/\/wp.ivh-hecht.de\/index.php?rest_route=\/wp\/v2\/pages\/252"}],"collection":[{"href":"https:\/\/wp.ivh-hecht.de\/index.php?rest_route=\/wp\/v2\/pages"}],"about":[{"href":"https:\/\/wp.ivh-hecht.de\/index.php?rest_route=\/wp\/v2\/types\/page"}],"author":[{"embeddable":true,"href":"https:\/\/wp.ivh-hecht.de\/index.php?rest_route=\/wp\/v2\/users\/2"}],"replies":[{"embeddable":true,"href":"https:\/\/wp.ivh-hecht.de\/index.php?rest_route=%2Fwp%2Fv2%2Fcomments&post=252"}],"version-history":[{"count":4,"href":"https:\/\/wp.ivh-hecht.de\/index.php?rest_route=\/wp\/v2\/pages\/252\/revisions"}],"predecessor-version":[{"id":527,"href":"https:\/\/wp.ivh-hecht.de\/index.php?rest_route=\/wp\/v2\/pages\/252\/revisions\/527"}],"wp:featuredmedia":[{"embeddable":true,"href":"https:\/\/wp.ivh-hecht.de\/index.php?rest_route=\/wp\/v2\/media\/129"}],"wp:attachment":[{"href":"https:\/\/wp.ivh-hecht.de\/index.php?rest_route=%2Fwp%2Fv2%2Fmedia&parent=252"}],"curies":[{"name":"wp","href":"https:\/\/api.w.org\/{rel}","templated":true}]}}